 highest common factor of 76 and 134307428.
76
Calculate the highest common divisor of 15 and 24981765.
15
Calculate the highest common divisor of 11886731 and 333.
37
Calculate the greatest common factor of 4408918 and 4382.
626
What is the highest common factor of 144064 and 97216?
64
Calculate the highest common divisor of 41943 and 22826463.
1353
What is the greatest common factor of 506 and 3553297?
11
Calculate the highest common factor of 14226676 and 1.
1
What is the highest common divisor of 448723 and 32205?
2147
What is the greatest common factor of 147458 and 29002?
34
Calculate the highest common factor of 6 and 20995380.
6
Calculate the highest common divisor of 167983101 and 429.
429
Calculate the greatest common divisor of 2309783 and 721.
7
Calculate the highest common factor of 5930608 and 8.
8
What is the highest common divisor of 8227 and 87033?
433
What is the greatest common divisor of 2057 and 2199273?
17
What is the greatest common divisor of 17975 and 186475?
25
What is the highest common divisor of 2669515 and 54615?
1655
Calculate the greatest common divisor of 115827364 and 940.
188
Calculate the greatest common factor of 6180 and 83630850.
3090
Calculate the highest common factor of 25 and 276195950.
25
What is the highest common factor of 27288 and 1951848?
72
What is the highest common divisor of 8419148 and 51?
17
What is the highest common factor of 342461 and 2989?
49
What is the greatest common factor of 6 and 44488056?
6
What is the highest common divisor of 76110118 and 27258?
826
What is the highest common factor of 133 and 306439?
7
What is the highest common divisor of 53531275 and 623?
623
Calculate the highest common divisor of 219144 and 134136.
552
What is the highest common divisor of 1210 and 4810718?
242
What is the highest common divisor of 438528 and 17844?
12
What is the highest common factor of 2548360 and 24760?
40
Calculate the greatest common divisor of 805922 and 1482.
26
What is the greatest common divisor of 154 and 54548746?
14
What is the greatest common divisor of 99 and 6040232?
11
Calculate the highest common factor of 27508 and 243737.
13
Calculate the highest common factor of 56339896 and 6200.
248
Calculate the greatest common factor of 128 and 135519904.
32
Calculate the greatest common factor of 2363 and 9714293.
2363
What is the highest common factor of 16412 and 271491407?
4103
Calculate the highest common divisor of 1045313 and 2023.
289
Calculate the highest common factor of 5867815 and 101090.
4595
What is the highest common divisor of 206753 and 689?
53
Calculate the greatest common factor of 2862148 and 48.
4
What is the greatest common factor of 374 and 379049?
187
Calculate the greatest common factor of 2736 and 3119724.
684
What is the greatest common factor of 69162 and 2298?
6
Calculate the greatest common divisor of 72187 and 31339.
37
Calculate the greatest common factor of 38852 and 10956.
44
What is the greatest common factor of 1273518 and 5090?
1018
Calculate the greatest common factor of 101876508 and 270.
54
Calculate the greatest common factor of 975 and 2041338.
39
What is the greatest common divisor of 171625 and 210525?
25
What is the highest common divisor of 2506284 and 1188?
396
What is the highest common factor of 30 and 81519921?
3
What is the highest common divisor of 33007014 and 162?
162
What is the greatest common factor of 114750 and 485460?
270
What is the highest common factor of 42957 and 7805446?
1591
Calculate the highest common divisor of 294739557 and 29.
29
Calculate the highest common factor of 159688304 and 8.
8
What is the highest common factor of 3609 and 101320269?
1203
What is the highest common factor of 62528 and 153389?
977
Calculate the highest common factor of 26 and 64089776.
2
What is the greatest common factor of 726528 and 4126848?
4224
Calculate the greatest common factor of 6856 and 460456.
8
Calculate the greatest common factor of 283630230 and 117.
117
What is the highest common divisor of 10642872 and 2592?
24
Calculate the greatest common factor of 114 and 891739540.
38
Calculate the greatest common divisor of 41398 and 790762.
14
Calculate the greatest common divisor of 1433 and 1347613262.
1433
What is the highest common factor of 132 and 75202842?
66
Calculate the highest common factor of 331304 and 304.
8
Calculate the greatest common factor of 28041 and 5216345.
719
Calculate the greatest common divisor of 20024231 and 3962.
283
Calculate the greatest common divisor of 37780379 and 1729.
1729
Calculate the highest common factor of 22194 and 1670304.
822
What is the greatest common factor of 43326 and 12979530?
522
What is the greatest common factor of 44 and 31156114?
22
What is the highest common factor of 2136 and 6288562?
178
What is the highest common factor of 4 and 46880116?
4
Calculate the greatest common divisor of 548 and 1065707108.
548
Calculate the highest common factor of 7313206 and 1310.
262
Calculate the highest common divisor of 6883695 and 735.
105
What is the greatest common divisor of 2668 and 70564598?
1334
What is the highest common divisor of 79924404 and 47425?
1897
What is the highest common divisor of 153871673 and 774?
43
Calculate the greatest common divisor of 32353090 and 8855.
385
Calculate the highest common factor of 458939 and 9761.
43
What is the greatest common divisor of 6391 and 146696?
11
What is the greatest common factor of 3042738 and 198882?
1566
What is the greatest common divisor of 2744 and 224390257?
343
Calculate the highest common divisor of 881 and 6797796.
881
What is the greatest common divisor of 12794019 and 51786?
2877
Calculate the greatest common divisor of 58310002 and 1258.
74
Calculate the highest common factor of 13509555 and 63626.
1097
Calculate the highest common factor of 1920122 and 83.
83
Calculate the highest common factor of 22326 and 78324.
366
Calculate the highest common factor of 18827 and 133933.
67
What is the greatest common factor of 11343 and 32358992?
199
Calculate the greatest common divisor of 26249344 and 83622.
3982
What is the highest common factor of 1218 and 997374?
42
What is the greatest common factor of 5751 and 752387?
71
What is the greatest common divisor of 81 and 26271378?
81
What is the greatest common factor of 49680 and 33505020?
4140
Calculate the greatest common factor of 136 and 141136312.
136
What is the highest common divisor of 117838 and 175294?
266
Calculate the greatest common divisor of 67959 and 4429920.
2517
What is the highest common factor of 26469 and 402237?
153
Calculate the highest common factor of 4285173 and 459.
51
What is the greatest common factor of 434092 and 113141?
2309
Calculate the greatest common divisor of 270 and 789534.
54
Calculate the highest common divisor of 484000 and 5148.
44
What is the highest common factor of 762611 and 226987?
1633
What is the highest common factor of 321086268 and 26176?
1636
Calculate the highest common divisor of 11808734 and 1498.
1498
What is the highest common divisor of 1740915 and 1056?
33
Calculate the greatest common factor of 8768528 and 363667.
1013
Calculate the greatest common factor of 12549 and 984251.
89
What is the greatest common divisor of 924636 and 1276?
116
What is the highest common factor of 53613144 and 4392?
4392
Calculate the greatest common factor of 4551 and 6797677.
1517
What is the highest common divisor of 22061460 and 12555?
465
Calculate the greatest common factor of 24 and 67962252.
12
What is the highest common divisor of 360741 and 2871?
3
What is the highest common divisor of 127800140 and 1040?
260
Calculate the greatest common factor of 11753729 and 1508.
377
Calculate the highest common factor of 333 and 24598125.
9
What is the greatest common factor of 60336 and 324540?
36
Calculate the greatest common factor of 438228 and 20461.
259
Calculate the greatest common divisor of 3931881 and 69.
3
What is the greatest common factor of 35730 and 682830?
90
Calculate the greatest common factor of 10586711 and 79.
79
What is the highest common divisor of 66993588 and 108?
108
What is the highest common divisor of 608921586 and 78?
78
Calculate the greatest common divisor of 3344 and 12478763.
209
Calculate the highest 